k - 67 = -3*p. What is the units digit of p?
2
Suppose 753 + 47 = 2*v. What is the tens digit of v?
0
Let g(p) = 2*p**2 + 16*p + 15. What is the units digit of g(-10)?
5
Let j = -2 + 6. Suppose -12 = -j*w - 3*y, -3*y - 16 = 4*w - 7*y. Suppose -4*m = -4 - w. What is the units digit of m?
1
What is the hundreds digit of 9/(-2)*(1 - (-193)/(-3))?
2
Let w = 5 - 1. Suppose -l - 12 = 2*l, -w*r + 32 = -l. Let n = r - 5. What is the units digit of n?
2
Let a = 23 + -38. Let i = a + 24. Let z(b) = 2*b - 13. What is the units digit of z(i)?
5
Suppose 0 = -0*y + y - t - 50, -2*t = -3*y + 145. Suppose a + y = 3*h + 11, -4*h - 3*a + 28 = 0. What is the tens digit of h?
1
Let m be (2 - (3 - 1)) + -10. Let q be (-12)/10*25/m. Suppose -5*o + 18 = -4*a, -2*o + 2*a = -a - q. What is the units digit of o?
6
Let a(u) = -u**3 - 9*u**2 - 15*u + 3. What is the tens digit of a(-8)?
5
What is the tens digit of 6/51 + 236/17?
1
Let i = 16 - 2. What is the units digit of i?
4
Suppose 0 = -5*r + 8 - 3, -4*g - 2*r + 546 = 0. What is the units digit of g?
6
Suppose 840 = -o + 6*o. Suppose -2*w = 4*w - o. What is the units digit of w?
8
Suppose h + h + 623 = 5*z, -4*z + 2*h = -500. What is the hundreds digit of z?
1
Let v be 26/12 + 8/(-48). Let o = 12 - v. What is the units digit of (-2)/o - 303/(-15)?
0
Let i = 0 + -1. Let w be 2*-1 - (0 + i). Let u = 2 + w. What is the units digit of u?
1
Suppose -4*o + 5*x + 0 = -15, 2*x = o - 3. Suppose -o*p = -0 - 10. What is the units digit of p?
2
Suppose -2*a - l = -170, 0 = 4*a - l + 6*l - 328. Let m = a - 55. What is the units digit of m?
2
Let n = 21 - -5. What is the units digit of n?
6
Let v = -17 - -20. Suppose v*j = 18 + 39. What is the units digit of j?
9
Suppose 0 = 23*b - 27*b + 296. What is the units digit of b?
4
Suppose 48 = 2*f + t, 0*t = 4*f + t - 92. Let z = f + -21. What is the units digit of z?
1
Let x(c) = -c + 2. Let r be x(2). Suppose 231 = -r*v - v. What is the units digit of v/(-12) + 1/(-4)?
9
Suppose -4*u = -u - 9. Suppose -3*w + 4*d = 5, 5*d - 4 - 6 = u*w. Suppose f - 4 + 1 = -3*o, -f - 5 = -w*o. What is the units digit of o?
1
Suppose -k + 3 = 2*k. Suppose -3*g = -2*g + k. Let l = g - -3. What is the units digit of l?
2
Let b(m) = 4*m - 7. What is the units digit of b(8)?
5
Suppose -2 = -s + 2. Suppose 0 + s = 2*t. Suppose -5*y + 3*y = -p + 12, t*y + 52 = 5*p. What is the tens digit of p?
1
Let o = 234 + -60. What is the hundreds digit of o?
1
Suppose 2*p + 8 = 84. What is the tens digit of p?
3
Suppose 0 = 2*q - u, 0 = -0*q - q - 4*u + 9. What is the units digit of -7*((-3)/q + 0)?
1
Let o = -208 + 452. What is the hundreds digit of o?
2
Let a(z) = -3*z + 1. Suppose -2*c + 1 + 6 = -w, -5*w - 23 = -4*c. What is the units digit of a(w)?
0
Let u be (-4)/12 + 41/(-3). Let y = u - -25. What is the tens digit of y?
1
Let j(o) = 3*o**2 - 5*o + 2. What is the tens digit of j(4)?
3
Let a = 217 - 113. What is the units digit of a?
4
Let b(w) = 13*w - 20. What is the tens digit of b(11)?
2
Let z(n) be the third derivative of n**6/120 + 11*n**5/60 + 7*n**4/24 - 3*n**3/2 - 4*n**2. What is the units digit of z(-10)?
1
Let k(h) = -2*h + 11. Let m be k(8). Let x = -4 - m. What is the units digit of x?
1
Suppose 3*a = -k - 4, k = 3*a - 3*k + 29. Let g be ((-2)/(-2))/(a/60). What is the tens digit of 2 - (g/2)/1?
1
Suppose -3*h + 169 = r, -4*r - 3*h = -r - 537. What is the tens digit of r?
8
Let m(r) = r**3 - 8*r**2 + 7*r + 11. What is the tens digit of m(7)?
1
Let y = 302 - 158. What is the tens digit of y?
4
Suppose -4*j = 4*o + 20, 4*j + 5*o + 25 = -0*o. Suppose -4*c = -j*c - 32. What is the units digit of c?
8
Suppose -3*p = -1 - 5. Suppose 26 = p*w - 2*z, 0 = 4*z - 2 - 2. What is the units digit of w?
4
Suppose -2*k = k + 45. Let b = k + 26. What is the units digit of b?
1
Suppose -d = 3*l + 308, -l = d - 3*l + 303. Let x = 121 + d. What is the units digit of (-4)/22 - x/44?
4
Suppose g - 3*h - 189 = 22, 3*g - 5*h = 641. What is the tens digit of g?
1
Suppose 3*o + 2*x = 0, -x - x = 6. What is the units digit of o?
2
Suppose 3*w + w + 18 = 3*f, -5*w - 35 = -5*f. Suppose -4*z = z + f. What is the units digit of (-1 + 0)*(z - -1)?
1
What is the tens digit of 2556/45 + (-2)/(-10)?
5
Let o be (-3)/(-2) + (-235)/(-10). Suppose -3*x = -5 - o. What is the tens digit of x?
1
Suppose -y + 0*n = 3*n - 15, 0 = n + 1. What is the tens digit of y?
1
Let i = 245 + -170. What is the tens digit of i?
7
Let a(d) be the third derivative of -d**4/24 + d**3/2 - d**2. Let n be a(0). Suppose -10 = 2*z - n*z. What is the tens digit of z?
1
Let v(s) = -s + 9. Suppose 3*p = 4*b + 13, -6*b + 3*b + 6 = 3*p. Suppose 4 + 11 = p*g. What is the units digit of v(g)?
4
Suppose 3*v + 0*v - 41 = -5*z, 3*z - 19 = v. Let m = z + 30. What is the tens digit of m?
3
Suppose 2*m = 4*m. Suppose m = 2*q - q - 51. Suppose p - 56 = -5*t, 5*t - q = -0*p + 4*p. What is the units digit of t?
1
Let x(o) = -5*o**2 + o - 6. Let v(r) = 11*r**2 - 2*r + 13. Let q(i) = -4*v(i) - 9*x(i). Let a = -2 - -4. What is the units digit of q(a)?
4
Suppose 3*a - 106 = 2. What is the units digit of a?
6
Suppose q + q = 4. Suppose 0 = 3*f - 5*f + 8. Suppose 2*m - f*u = 20, -3*u = q*m - u - 8. What is the units digit of m?
6
What is the units digit of 3/(-1) - -7 - -70?
4
Let f(o) = -2*o - 12. Let i(a) = a**2 - 8*a - 3. Let j be i(5). Let m be 1/(2/j) + 0. What is the units digit of f(m)?
6
Let d(k) = -k**2 - 6*k - 5. Suppose 3*b = 4*b + 5. Let f be d(b). Suppose -3*r + f*r + 5*c + 49 = 0, 0 = -5*r + 4*c + 99. What is the units digit of r?
3
Suppose 0 = -h - 46 - 14. Let n = 110 + h. Suppose -3*j + 3*r = -33, 4*j - 2*r = n - 12. What is the units digit of j?
8
Let p be -1*(-1 + (-5)/1). Let y be (-3)/2*2/(-3). Let b = p - y. What is the units digit of b?
5
Let g = 79 - 30. What is the units digit of g?
9
Suppose -22 = -3*l + 20. What is the tens digit of l?
1
Suppose v - 43 + 9 = -4*d, 4*d = v - 18. What is the tens digit of v?
2
Let t be (-12)/(-3) + -1 + 2. Suppose -n - r + 9 = 0, -t*n + n + 60 = -2*r. Let l = 27 - n. What is the tens digit of l?
1
Suppose 3*t - 5*t = -8. What is the units digit of t?
4
Let r(d) = d - 5. Let g be r(5). Suppose 0 = -q - g*q. Let x = 3 - q. What is the units digit of x?
3
Suppose -n = -4*n - 4*b - 4, 5*n = -2*b + 12. Suppose -40 = -0*y - n*y. What is the units digit of y?
0
Suppose 3*t - 2*g - 6 = 0, 2*g = 6*g. Suppose 8 + 1 = -3*o. Let x = t - o. What is the units digit of x?
5
Suppose 2*i + 5*x - 9 = 9, 0 = 2*i + 2*x - 18. Let h(o) = -o**2 + 14*o - 11. What is the units digit of h(i)?
4
Suppose -13 = -4*t + 11. Suppose 7*k = 4*k + t. What is the units digit of k*1/(2/3)?
3
Let k = -12 + 37. Suppose -3*b + 20 = -k. What is the units digit of b?
5
Let q(w) = -w**2 - w + 1. Let u(x) = -7*x**2 - 9*x + 3. Let h(r) = 6*q(r) - u(r). What is the tens digit of h(-7)?
3
Suppose 2*t = 5*h - 47, 2*h - 19 = -5*t + 23. Let o(c) = 2*c - 2. What is the units digit of o(h)?
0
Suppose 0 = -q + 3 - 2. Let y(i) = 5*i**2 + 0 + 1 - 2*i + 5*i**2. What is the units digit of y(q)?
9
Suppose -4*i - 2*f + 48 = -f, 2*i = -2*f + 24. What is the units digit of i?
2
Suppose 5*d = 4*d + 12. What is the tens digit of d?
1
What is the units digit of ((-2)/1)/((-10)/210)?
2
Suppose 2*o = 5*d - 21, 0*o - 4*o + 13 = d. Suppose 8 = -o*j + 4*q, -3*q + 10 = -j + q. What is the units digit of j?
2
Let f(n) = -n**2 - 7*n + 2. Suppose t = r - 1 + 12, 2*t - 36 = 4*r. Let h be f(r). Suppose 3*d + d - 40 = -4*j, -4*j + 30 = h*d. What is the units digit of d?
5
Let k(i) = -4*i - 3. Let l be k(-3). Suppose -3*g + 0*f + 3*f + l = 0, 4*f + 11 = 3*g. What is the units digit of (-2)/(-6)*9/g?
3
Suppose -3*y + 75 = -9. Let q = y + -1. What is the units digit of q?
7
Suppose -4*r - 4*a = -28, 2*a = -5*r - 2*a + 40. What is the units digit of r?
2
Suppose -79 = -3*o - 2*g, -2*g - 74 = -3*o - 3*g. What is the units digit of o?
3
Let x(k) = -k**2 + 10*k - 2. What is the tens digit of x(7)?
1
What is the units digit of 2 + 8/20*5?
4
Let o(m) = 8*m - 1. Let g be o(1). Suppose -i + 40 = 5*a + 13, 27 = 3*i - 3*a. Suppose -5*y + g*y - i = 0. What is the units digit of y?
6
Let k(i) = 23*i - 22. What is the tens digit of k(7)?
3
Let a = 17 + -21. What is the tens digit of ((-3)/6)/(a/88)?
1
Let s = -7 - -6